e 1/5 + (-27)/n. What is the greatest common factor of 6 and o?
2
Let h be 2/(-4)*(-1 - 79). Calculate the greatest common factor of h and 16.
8
Suppose 10 = 2*q, 2*r + 2*r = 3*q + 393. What is the highest common divisor of r and 153?
51
Let o be (-1)/((18/(-56))/9). Calculate the highest common divisor of 4 and o.
4
Let n(r) = -r. Let m be ((-2)/(-2) - 3) + 2. Let a be n(m). Suppose a = -4*i - i + 35. Calculate the highest common divisor of i and 7.
7
Suppose 4*g = -2*t + 552, 3*t + 361 = 3*g - 71. Let r(o) = o**3 - 17*o**2 + 55*o - 19. Let z be r(13). What is the greatest common divisor of g and z?
20
Let h = -168 - -276. What is the greatest common divisor of 12 and h?
12
Let h(j) = j - 16. Let y be h(7). Let q = y - -9. Suppose 335 = 5*r + 3*n, 5*r - 2*r + 2*n - 200 = q. Calculate the highest common divisor of r and 10.
10
Suppose 49 = 3*q + u, -u - 3 = -q - 4*u. Calculate the greatest common factor of 126 and q.
18
Let u(l) be the first derivative of l**2/2 + 16*l - 2. Let g be u(0). Suppose 2*y + 0*y = g. What is the greatest common factor of 24 and y?
8
Let w be 6/(-9)*264/(-16). What is the highest common factor of w and 55?
11
Suppose -3*m + 9 = 0, 3*k + 2*m - 183 = 5*m. Suppose y = -3*y + k. Suppose u - 2 - 2 = 0. What is the highest common factor of y and u?
4
Let k be 10/15 + 38/6. Suppose k = 3*a + 1. What is the highest common factor of a and 22?
2
Let l(t) = t**3 - 2*t**2 + t. Suppose -4*q = -2*q - 4. Let u be l(q). Suppose u*w - w = 23. What is the highest common factor of 184 and w?
23
Let s(l) = -4*l + 2. Let d be s(-3). Calculate the greatest common factor of d and 7.
7
Let p = -33 + 77. Calculate the greatest common divisor of 66 and p.
22
Suppose -5*i + 18 = -2*l, 2*i + 0*i = 5*l + 3. What is the highest common factor of i and 36?
4
Let d = 91 - 72. Calculate the highest common divisor of 38 and d.
19
Suppose 0*y + 15 = 3*y. Suppose 2*o - f = -o - 3038, y*f = 2*o + 2034. Let h be o/(-20) - (-4)/10. What is the highest common factor of h and 17?
17
Let a be (-6)/(-15) + 3/5. Let f be -4 + 3 + (1 - -2). Calculate the highest common divisor of f and a.
1
Let s be 2/((-6)/(-15)) + 3. Suppose 4*c - 2*c + 2*v + 6 = 0, 2*v + 8 = -4*c. Let g = 9 + c. What is the highest common divisor of s and g?
8
Let v = -210 + 296. What is the greatest common factor of v and 129?
43
Let r(k) = -k**2 + 12*k - 28. Let a be r(7). What is the greatest common factor of a and 28?
7
Let b be (-2)/(-6)*540/15. What is the highest common divisor of b and 12?
12
Let w(h) = h**3 - 3*h**2 - 4*h. Let f be w(5). Let z = 45 - f. What is the highest common divisor of z and 30?
15
Suppose -2*m + 6*m = 352. Let u = 45 - 34. Calculate the greatest common factor of m and u.
11
Suppose 7*a = 10*a - 225. Calculate the highest common divisor of a and 30.
15
Let h = -57 - -85. Let p = -20 + h. Let u = 137 - 49. What is the highest common factor of u and p?
8
Let p = -7 + 5. Let k be p - ((3 - 5) + -113). Suppose -27 = -4*m + k. What is the highest common factor of m and 5?
5
Let l = 19 + 16. Calculate the greatest common factor of l and 245.
35
Let q(l) = -25*l - 5. Let p be q(-2). Let g = 15 + p. Calculate the highest common factor of g and 24.
12
Suppose -3 = -m - 0. Suppose 0 = b + m - 14. Let j be b*(2 + 2/2). What is the greatest common divisor of 22 and j?
11
Suppose 3*i = -i - 4*f + 52, 2*f - 53 = -5*i. What is the greatest common factor of i and 6?
3
Suppose -5*x + 776 + 844 = 0. Calculate the greatest common factor of 36 and x.
36
Suppose -78 = 5*t + 322. Let g = -29 - t. Let w = -41 - -58. Calculate the greatest common factor of g and w.
17
Let p = 47 - 33. Suppose p = 2*a - 6. Let j = -31 - -46. What is the highest common divisor of a and j?
5
Suppose r - 15 = -4*r. Suppose -s + 5*a = 10*a + 8, -a + 6 = 4*s. Calculate the greatest common divisor of s and r.
1
Suppose 5*d - 106 = 84. Calculate the greatest common divisor of 19 and d.
19
Suppose 3*k - 4*k + v + 235 = 0, -4*k - 3*v = -919. What is the highest common factor of 29 and k?
29
Suppose 3*b - v - 35 = 0, 0*b + v - 9 = -b. Suppose -4*u + 5*h + 156 = 0, -h = 3*u - 26 - 110. Calculate the greatest common factor of b and u.
11
Let r be 1*4/(12/9). Suppose -z - 3*s + 39 = 0, -3*z - z = -r*s - 156. What is the greatest common factor of 26 and z?
13
Suppose 0 = -h + 12*z - 7*z + 43, 0 = 5*h + 4*z - 360. Calculate the highest common factor of h and 51.
17
Suppose -k - 3 = 1. Let o be (-1)/((-2)/k*-2). What is the highest common divisor of 1 and o?
1
Let l be 12/(-6*1/(-4)). Suppose 3 = -0*v + 3*v. What is the greatest common factor of v and l?
1
Let u(d) = d**2 - 11*d - 10. Let k be u(-4). What is the greatest common factor of k and 10?
10
Suppose 0 = 3*v + 2*p + 3*p - 78, 5*v + 3*p - 114 = 0. What is the highest common divisor of 147 and v?
21
Suppose 2*p - 40 = 4. Let n be 30/25*(-10)/(-4). Let g be (-6)/n - (-4)/1. Calculate the greatest common factor of g and p.
2
Suppose 4*c - a = 168, c + 42 = 2*c - 5*a. What is the greatest common factor of c and 6?
6
Let n be 51 - (3 - 6) - 2. Calculate the greatest common factor of n and 130.
26
Let c = -30 - -50. Suppose -4*h + c = h. Suppose -5*p + 27 = 2*z - 27, -4*z = h*p - 120. Calculate the greatest common divisor of 80 and z.
16
Suppose 2*r - 6*r = 36. Let i be (3 + -1)*-1 - r. Let j = i - -1. Calculate the highest common divisor of 64 and j.
8
Let b = -26 + 70. Let o(j) = j + 1. Let l = 5 - 2. Let n be o(l). Calculate the highest common divisor of b and n.
4
Let k = 73 + 46. Suppose 0 = 4*q - k - 49. What is the highest common factor of 7 and q?
7
Let b be (20 - 14)*(-1 + 28). Let k(i) = 33*i**3 + 1. Let p be k(1). Let x = 52 - p. Calculate the greatest common factor of b and x.
18
Let q(i) = i**2 - 15*i + 44. Let o be q(14). What is the greatest common factor of 70 and o?
10
Let p = -73 + 105. Suppose -5*w + p = 2. Calculate the highest common factor of w and 42.
6
Let m be (-15)/5*26/(-6). Suppose 2*w - 6*w + 27 = s, 0 = -4*s + 3*w + m. What is the greatest common factor of s and 56?
7
Suppose 2*l - 10 = -0*l. Suppose 4*v - 3*v + 50 = l*f, -3*f = -v - 30. Calculate the greatest common factor of f and 30.
10
Suppose 31*p - 34*p + 54 = 0. Suppose 2*g - 6 = -2. What is the highest common divisor of g and p?
2
Suppose 2*r = 3 - 5. Let s(x) = 12*x**2 - x - 1. Let u be s(r). Calculate the greatest common divisor of 12 and u.
12
Suppose 3*j = 5*h, -5*h + 0*j = j - 20. Suppose 0 = 6*x - x. Let a = 6 - x. What is the greatest common factor of a and h?
3
Let b be 6/(((-9)/(-12))/3). Let u be (b/(-9))/(2/6). Let h = u + 16. What is the highest common factor of h and 20?
4
Let t(b) = -24*b - 16. Let u be t(-6). What is the highest common divisor of u and 16?
16
Suppose 5 - 2 = -z - l, -l + 1 = 5*z. Let y be (-1)/3 - 22/(-3). Let x = y + -5. Calculate the greatest common factor of x and z.
1
Suppose 42 = d + 2*d. What is the highest common factor of d and 35?
7
Suppose -3*z - 93 + 150 = 0. What is the highest common divisor of 38 and z?
19
Suppose 9*q - 18 = 6*q. What is the greatest common factor of q and 18?
6
Suppose o = 5*k + 16, -5*k - 32 = -5*o - 4*k. Let z be 4/6 - (-764)/o. Suppose 0 = -4*i + 5*i - 16. Calculate the highest common factor of i and z.
16
Let a = -2 - -7. Let x(m) = -m**3 + 4*m**2 + 6*m + 7. Let l be x(a). Let f be (-456)/(-15) + (-2)/5. Calculate the greatest common divisor of l and f.
6
Let g(b) = -b**2 + 2*b - 3. Let k be g(3). Let y(w) = -7*w + 3. Let t be y(k). Calculate the highest common divisor of t and 5.
5
Let i(q) = 11*q - 2. Let y be i(2). Suppose 2*u = 8 + y. What is the greatest common factor of 28 and u?
14
Suppose 0 = 10*p + 162 - 1442. What is the highest common factor of p and 16?
16
Let h(z) = 4 + 4 - 10 + z**3 - 4*z - z**2 + 1. Let m be h(3). Suppose -m*p + 6 = 1. Calculate the greatest common factor of p and 1.
1
Let r(d) = -d**3 + d**2 - d. Let m be r(0). Let v(c) = -2*c + 7. Let n be v(m). What is the highest common divisor of 28 and n?
7
Suppose 4*q - 36 + 0 = 0. What is the greatest common divisor of q and 12?
3
Let c = 259 + -104. Suppose -46 = -r - 2*q, -2*r + c = q + 51. What is the highest common divisor of r and 81?
27
Suppose 3*n = 4*n - 5. Suppose -r - 5 = m + r, 0 = -n*m + 2*r - 1. Let c be 2*27*(m - -4). Calc